{"id":148,"date":"2023-10-09T14:28:32","date_gmt":"2023-10-09T14:28:32","guid":{"rendered":"https:\/\/www.alsolen.com\/?page_id=148"},"modified":"2023-10-09T16:28:36","modified_gmt":"2023-10-09T16:28:36","slug":"multiproduction","status":"publish","type":"page","link":"https:\/\/www.alsolen.com\/index.php\/multiproduction\/","title":{"rendered":"Multiproduction"},"content":{"rendered":"<p>[et_pb_section fb_built=\u00a0\u00bb1&Prime; _builder_version=\u00a0\u00bb4.22.2&Prime; _module_preset=\u00a0\u00bbdefault\u00a0\u00bb background_enable_image=\u00a0\u00bboff\u00a0\u00bb custom_margin=\u00a0\u00bb0px||||false|false\u00a0\u00bb custom_padding=\u00a0\u00bb0px|0px|0px|0px|false|false\u00a0\u00bb global_colors_info=\u00a0\u00bb{}\u00a0\u00bb][et_pb_row _builder_version=\u00a0\u00bb4.22.2&Prime; _module_preset=\u00a0\u00bbdefault\u00a0\u00bb background_image=\u00a0\u00bbhttps:\/\/www.alsolen.com\/wp-content\/uploads\/2023\/10\/Chaud_0.jpg\u00a0\u00bb min_height=\u00a0\u00bb350px\u00a0\u00bb custom_margin=\u00a0\u00bb0px||0px||false|false\u00a0\u00bb custom_padding=\u00a0\u00bb0px||0px||false|false\u00a0\u00bb global_colors_info=\u00a0\u00bb{}\u00a0\u00bb disabled_on=\u00a0\u00bbon|off|off\u00a0\u00bb][et_pb_column type=\u00a0\u00bb4_4&Prime; _builder_version=\u00a0\u00bb4.22.2&Prime; _module_preset=\u00a0\u00bbdefault\u00a0\u00bb global_colors_info=\u00a0\u00bb{}\u00a0\u00bb][et_pb_text _builder_version=\u00a0\u00bb4.22.2&Prime; _module_preset=\u00a0\u00bbdefault\u00a0\u00bb text_font=\u00a0\u00bbRoboto|700|||||||\u00a0\u00bb text_text_color=\u00a0\u00bb#fab700&Prime; text_font_size=\u00a0\u00bb32px\u00a0\u00bb background_color=\u00a0\u00bbrgba(252,252,252,0.91)\u00a0\u00bb width=\u00a0\u00bb43%\u00a0\u00bb min_height=\u00a0\u00bb350px\u00a0\u00bb custom_margin=\u00a0\u00bb0px||0px||false|false\u00a0\u00bb custom_padding=\u00a0\u00bb20px|||20px|false|false\u00a0\u00bb global_colors_info=\u00a0\u00bb{}\u00a0\u00bb]<\/p>\n<p>Centrales solaires multiproduction<\/p>\n<p>[\/et_pb_text][\/et_pb_column][\/et_pb_row][et_pb_row _builder_version=\u00a0\u00bb4.22.2&Prime; _module_preset=\u00a0\u00bbdefault\u00a0\u00bb custom_margin=\u00a0\u00bb0px||0px||false|false\u00a0\u00bb custom_padding=\u00a0\u00bb0px||0px||false|false\u00a0\u00bb hover_enabled=\u00a0\u00bb0&Prime; global_colors_info=\u00a0\u00bb{}\u00a0\u00bb column_structure=\u00a0\u00bb1_2,1_2&Prime; sticky_enabled=\u00a0\u00bb0&Prime; background_enable_image=\u00a0\u00bboff\u00a0\u00bb disabled_on=\u00a0\u00bboff|on|on\u00a0\u00bb width=\u00a0\u00bb90%\u00a0\u00bb locked=\u00a0\u00bboff\u00a0\u00bb][et_pb_column type=\u00a0\u00bb1_2&Prime; _builder_version=\u00a0\u00bb4.22.2&Prime; _module_preset=\u00a0\u00bbdefault\u00a0\u00bb hover_enabled=\u00a0\u00bb0&Prime; global_colors_info=\u00a0\u00bb{}\u00a0\u00bb sticky_enabled=\u00a0\u00bb0&Prime;][et_pb_text _builder_version=\u00a0\u00bb4.22.2&Prime; _module_preset=\u00a0\u00bbdefault\u00a0\u00bb text_font=\u00a0\u00bbRoboto|700|||||||\u00a0\u00bb text_text_color=\u00a0\u00bb#fab700&Prime; text_font_size=\u00a0\u00bb30px\u00a0\u00bb custom_margin=\u00a0\u00bb0px||0px||false|false\u00a0\u00bb custom_padding=\u00a0\u00bb0px|||0px|false|false\u00a0\u00bb hover_enabled=\u00a0\u00bb0&Prime; global_colors_info=\u00a0\u00bb{}\u00a0\u00bb sticky_enabled=\u00a0\u00bb0&Prime; background_enable_color=\u00a0\u00bboff\u00a0\u00bb]<\/p>\n<p>Centrales solaires multiproduction<\/p>\n<p>[\/et_pb_text][\/et_pb_column][et_pb_column _builder_version=\u00a0\u00bb4.22.2&Prime; _module_preset=\u00a0\u00bbdefault\u00a0\u00bb type=\u00a0\u00bb1_2&Prime; hover_enabled=\u00a0\u00bb0&Prime; sticky_enabled=\u00a0\u00bb0&Prime;][et_pb_image src=\u00a0\u00bbhttps:\/\/www.alsolen.com\/wp-content\/uploads\/2023\/10\/Chaud_0.jpg\u00a0\u00bb _builder_version=\u00a0\u00bb4.22.2&Prime; _module_preset=\u00a0\u00bbdefault\u00a0\u00bb title_text=\u00a0\u00bbChaud_0&Prime; hover_enabled=\u00a0\u00bb0&Prime; sticky_enabled=\u00a0\u00bb0&Prime;][\/et_pb_image][\/et_pb_column][\/et_pb_row][\/et_pb_section][et_pb_section fb_built=\u00a0\u00bb1&Prime; _builder_version=\u00a0\u00bb4.22.2&Prime; _module_preset=\u00a0\u00bbdefault\u00a0\u00bb global_colors_info=\u00a0\u00bb{}\u00a0\u00bb][et_pb_row _builder_version=\u00a0\u00bb4.22.2&Prime; _module_preset=\u00a0\u00bbdefault\u00a0\u00bb global_colors_info=\u00a0\u00bb{}\u00a0\u00bb width_phone=\u00a0\u00bb90%\u00a0\u00bb width_last_edited=\u00a0\u00bbon|desktop\u00a0\u00bb][et_pb_column type=\u00a0\u00bb4_4&Prime; _builder_version=\u00a0\u00bb4.22.2&Prime; _module_preset=\u00a0\u00bbdefault\u00a0\u00bb global_colors_info=\u00a0\u00bb{}\u00a0\u00bb][et_pb_text ul_item_indent=\u00a0\u00bb50px\u00a0\u00bb _builder_version=\u00a0\u00bb4.22.2&Prime; _module_preset=\u00a0\u00bbdefault\u00a0\u00bb text_font=\u00a0\u00bbRoboto||||||||\u00a0\u00bb ul_font=\u00a0\u00bbRoboto||||||||\u00a0\u00bb header_font=\u00a0\u00bbRoboto||||||||\u00a0\u00bb header_text_color=\u00a0\u00bb#888888&Prime; header_3_font=\u00a0\u00bbRoboto|300|||||||\u00a0\u00bb header_3_text_color=\u00a0\u00bb#888888&Prime; header_3_font_size=\u00a0\u00bb30px\u00a0\u00bb header_4_font=\u00a0\u00bbRoboto|300|||||||\u00a0\u00bb header_4_font_size=\u00a0\u00bb22px\u00a0\u00bb custom_margin=\u00a0\u00bb||-20px||false|false\u00a0\u00bb global_colors_info=\u00a0\u00bb{}\u00a0\u00bb]<\/p>\n<h3>CENTRALES SOLAIRES MULTIPRODUCTION<\/h3>\n<h4><span><\/span><\/h4>\n<p>&nbsp;<\/p>\n<p>[\/et_pb_text][et_pb_image src=\u00a0\u00bbhttps:\/\/www.alsolen.com\/wp-content\/uploads\/2023\/10\/alsolen_eoliene-vf-01-fond-transparent-Site-web.png\u00a0\u00bb title_text=\u00a0\u00bbalsolen_eoliene-vf-01 fond transparent Site web\u00a0\u00bb _builder_version=\u00a0\u00bb4.22.2&Prime; _module_preset=\u00a0\u00bbdefault\u00a0\u00bb global_colors_info=\u00a0\u00bb{}\u00a0\u00bb][\/et_pb_image][\/et_pb_column][\/et_pb_row][et_pb_row column_structure=\u00a0\u00bb2_3,1_3&Prime; _builder_version=\u00a0\u00bb4.22.2&Prime; _module_preset=\u00a0\u00bbdefault\u00a0\u00bb global_colors_info=\u00a0\u00bb{}\u00a0\u00bb width_phone=\u00a0\u00bb90%\u00a0\u00bb width_last_edited=\u00a0\u00bbon|desktop\u00a0\u00bb hover_enabled=\u00a0\u00bb0&Prime; sticky_enabled=\u00a0\u00bb0&Prime; custom_margin=\u00a0\u00bb-50px||||false|false\u00a0\u00bb][et_pb_column type=\u00a0\u00bb2_3&Prime; _builder_version=\u00a0\u00bb4.22.2&Prime; _module_preset=\u00a0\u00bbdefault\u00a0\u00bb global_colors_info=\u00a0\u00bb{}\u00a0\u00bb][et_pb_text ul_item_indent=\u00a0\u00bb50px\u00a0\u00bb _builder_version=\u00a0\u00bb4.22.2&Prime; _module_preset=\u00a0\u00bbdefault\u00a0\u00bb text_font=\u00a0\u00bbRoboto||||||||\u00a0\u00bb ul_font=\u00a0\u00bbRoboto||||||||\u00a0\u00bb header_font=\u00a0\u00bbRoboto||||||||\u00a0\u00bb header_text_color=\u00a0\u00bb#888888&Prime; header_3_font=\u00a0\u00bbRoboto|300|||||||\u00a0\u00bb header_3_text_color=\u00a0\u00bb#888888&Prime; header_3_font_size=\u00a0\u00bb30px\u00a0\u00bb header_4_font=\u00a0\u00bbRoboto|300|||||||\u00a0\u00bb header_4_font_size=\u00a0\u00bb22px\u00a0\u00bb width=\u00a0\u00bb150%\u00a0\u00bb width_tablet=\u00a0\u00bb150%\u00a0\u00bb width_phone=\u00a0\u00bb100%\u00a0\u00bb width_last_edited=\u00a0\u00bbon|phone\u00a0\u00bb hover_enabled=\u00a0\u00bb0&Prime; global_colors_info=\u00a0\u00bb{}\u00a0\u00bb header_4_letter_spacing__hover_enabled=\u00a0\u00bbon|desktop\u00a0\u00bb sticky_enabled=\u00a0\u00bb0&Prime;]<\/p>\n<div class=\"row mt-5\">\n<div class=\"col-lg-8 col-md-12\">\n<div property=\"schema:text\" class=\"page__body\">\n<p class=\"paragraph\"><span><span lang=\"FR\" xml:lang=\"FR\">Notre centrale hybride permet de produire simultan\u00e9ment :<\/span>\u00a0<\/span><\/p>\n<ul>\n<li class=\"paragraph\"><span><span lang=\"FR\" xml:lang=\"FR\">De la chaleur<\/span>\u00a0<\/span><\/li>\n<li class=\"paragraph\"><span><span lang=\"FR\" xml:lang=\"FR\">De l&rsquo;air froid ou de la glace<\/span>\u00a0<\/span><\/li>\n<li class=\"paragraph\"><span><span lang=\"FR\" xml:lang=\"FR\">De l&rsquo;\u00e9lectricit\u00e9<\/span>\u00a0<\/span><\/li>\n<li class=\"paragraph\"><span><span lang=\"FR\" xml:lang=\"FR\">De l&rsquo;eau dessal\u00e9e<\/span>\u00a0<\/span><\/li>\n<\/ul>\n<ul><\/ul>\n<\/div>\n<\/div>\n<div class=\"col-lg-4 col-md-2\"><\/div>\n<\/div>\n<div class=\"page__field-details\">\n<div class=\"field__item\">\n<div id=\"\">\n<div class=\"row\">\n<div class=\"col-sm-8\">\n<div class=\"details__field-description\">\n<p class=\"paragraph\"><span><span lang=\"FR\" xml:lang=\"FR\">Ce type de centrales s\u2019appuie sur plusieurs moyens \u00e9prouv\u00e9s de production renouvelable pour r\u00e9pondre au mieux aux besoins, m\u00eame en dehors des heures d\u2019ensoleillement<\/span>\u202f<span lang=\"FR\" xml:lang=\"FR\">:<\/span>\u00a0<\/span><\/p>\n<ul>\n<li class=\"paragraph\"><span><span lang=\"FR\" xml:lang=\"FR\">Du Fresnel \u00e0 concentration pour g\u00e9n\u00e9rer la chaleur et du stockage de cette chaleur, pour permettre de produire la nuit ou lorsque les conditions m\u00e9t\u00e9orologiques sont mauvaises<\/span><\/span><\/li>\n<li class=\"paragraph\"><span><span lang=\"FR\" xml:lang=\"FR\">Un groupe froid \u00e0 absorption \u00ab<\/span>\u202f<span lang=\"FR\" xml:lang=\"FR\">Heat4Cold<\/span>\u202f<span lang=\"FR\" xml:lang=\"FR\">\u00bb pour g\u00e9n\u00e9rer de la glace ou de l\u2019air froid<\/span><\/span><\/li>\n<li class=\"paragraph\"><span><span lang=\"FR\" xml:lang=\"FR\">Des machines ORC (Cycle Organique de Rankine) pour g\u00e9n\u00e9rer de<\/span>\u202f<span lang=\"FR\" xml:lang=\"FR\">l\u2019\u00e9lectricit\u00e9 \u00e0 partir de la chaleur, ainsi qu\u2019un champ photovolta\u00efque et des \u00e9oliennes en compl\u00e9ment<\/span><\/span><\/li>\n<li class=\"paragraph\"><span><span lang=\"FR\" xml:lang=\"FR\">Et des unit\u00e9s de dessalement (osmoses inverses et\/ou dessalement thermique)<\/span><\/span><\/li>\n<\/ul>\n<p class=\"paragraph\"><span><span lang=\"FR\" xml:lang=\"FR\">Ces centrales sont :<\/span>\u00a0<\/span><\/p>\n<ul>\n<li class=\"paragraph\"><span style=\"color: #ffc000;\"><span lang=\"FR\" xml:lang=\"FR\">Adaptables<\/span>\u202f<span lang=\"FR\" xml:lang=\"FR\">en taille et en puissance<\/span><\/span><\/li>\n<li class=\"paragraph\"><span><span lang=\"FR\" xml:lang=\"FR\">Modulables en \u00e9quipement en fonction du type de production souhait\u00e9<\/span><\/span><\/li>\n<li class=\"paragraph\"><span><span lang=\"FR\" xml:lang=\"FR\">Exploitables facilement sur une <\/span><span lang=\"FR\" xml:lang=\"FR\" style=\"color: #ffc000;\">dur\u00e9e sup\u00e9rieure \u00e0 25 ans<\/span><span lang=\"FR\" xml:lang=\"FR\"> et dans le respect de l\u2019environnement<\/span><\/span><\/li>\n<\/ul>\n<p>&nbsp;<\/p>\n<\/div>\n<\/div>\n<\/div>\n<\/div>\n<\/div>\n<\/div>\n<p>[\/et_pb_text][\/et_pb_column][et_pb_column type=\u00a0\u00bb1_3&Prime; _builder_version=\u00a0\u00bb4.22.2&Prime; _module_preset=\u00a0\u00bbdefault\u00a0\u00bb global_colors_info=\u00a0\u00bb{}\u00a0\u00bb][et_pb_image src=\u00a0\u00bbhttps:\/\/www.alsolen.com\/wp-content\/uploads\/2023\/10\/Panorama-9777_9781-scaled.jpg\u00a0\u00bb alt=\u00a0\u00bbGlace produite par Heat4Cold\u00a0\u00bb title_text=\u00a0\u00bbPanorama 9777_9781&Prime; _builder_version=\u00a0\u00bb4.22.2&Prime; _module_preset=\u00a0\u00bbdefault\u00a0\u00bb custom_margin=\u00a0\u00bb200px||0px||false|false\u00a0\u00bb custom_padding=\u00a0\u00bb||0px||false|false\u00a0\u00bb hover_enabled=\u00a0\u00bb0&Prime; global_colors_info=\u00a0\u00bb{}\u00a0\u00bb custom_margin_last_edited=\u00a0\u00bbon|phone\u00a0\u00bb sticky_enabled=\u00a0\u00bb0&Prime; custom_margin_phone=\u00a0\u00bb0px||||false|false\u00a0\u00bb custom_margin_tablet=\u00a0\u00bb200px||0px||false|false\u00a0\u00bb][\/et_pb_image][et_pb_text _builder_version=\u00a0\u00bb4.22.2&Prime; _module_preset=\u00a0\u00bbdefault\u00a0\u00bb locked=\u00a0\u00bboff\u00a0\u00bb global_colors_info=\u00a0\u00bb{}\u00a0\u00bb]<\/p>\n<p style=\"text-align: center;\">Centrale multiproduction<\/p>\n<p>[\/et_pb_text][\/et_pb_column][\/et_pb_row][\/et_pb_section]<\/p>\n","protected":false},"excerpt":{"rendered":"<p>Centrales solaires multiproductionCentrales solaires multiproductionCENTRALES SOLAIRES MULTIPRODUCTION &nbsp; Notre centrale hybride permet de produire simultan\u00e9ment :\u00a0 De la chaleur\u00a0 De l&rsquo;air froid ou de la glace\u00a0 De l&rsquo;\u00e9lectricit\u00e9\u00a0 De l&rsquo;eau dessal\u00e9e\u00a0 Ce type de centrales s\u2019appuie sur plusieurs moyens \u00e9prouv\u00e9s de production renouvelable pour r\u00e9pondre au mieux aux besoins, m\u00eame en dehors des heures d\u2019ensoleillement\u202f:\u00a0 [&hellip;]<\/p>\n","protected":false},"author":1,"featured_media":0,"parent":0,"menu_order":0,"comment_status":"closed","ping_status":"closed","template":"","meta":{"_acf_changed":false,"_et_pb_use_builder":"on","_et_pb_old_content":"<!-- wp:divi\/placeholder \/-->","_et_gb_content_width":"","footnotes":""},"class_list":["post-148","page","type-page","status-publish","hentry"],"acf":[],"_links":{"self":[{"href":"https:\/\/www.alsolen.com\/index.php\/wp-json\/wp\/v2\/pages\/148","targetHints":{"allow":["GET"]}}],"collection":[{"href":"https:\/\/www.alsolen.com\/index.php\/wp-json\/wp\/v2\/pages"}],"about":[{"href":"https:\/\/www.alsolen.com\/index.php\/wp-json\/wp\/v2\/types\/page"}],"author":[{"embeddable":true,"href":"https:\/\/www.alsolen.com\/index.php\/wp-json\/wp\/v2\/users\/1"}],"replies":[{"embeddable":true,"href":"https:\/\/www.alsolen.com\/index.php\/wp-json\/wp\/v2\/comments?post=148"}],"version-history":[{"count":8,"href":"https:\/\/www.alsolen.com\/index.php\/wp-json\/wp\/v2\/pages\/148\/revisions"}],"predecessor-version":[{"id":276,"href":"https:\/\/www.alsolen.com\/index.php\/wp-json\/wp\/v2\/pages\/148\/revisions\/276"}],"wp:attachment":[{"href":"https:\/\/www.alsolen.com\/index.php\/wp-json\/wp\/v2\/media?parent=148"}],"curies":[{"name":"wp","href":"https:\/\/api.w.org\/{rel}","templated":true}]}}